{"id":522,"date":"2025-03-31T20:34:07","date_gmt":"2025-04-01T00:34:07","guid":{"rendered":"http:\/\/truenorthhq.ca\/?post_type=tribe_events&#038;p=522"},"modified":"2025-03-31T20:34:14","modified_gmt":"2025-04-01T00:34:14","slug":"elbows-up-for-canada","status":"publish","type":"tribe_events","link":"https:\/\/truenorthhq.ca\/fr\/event\/elbows-up-for-canada\/","title":{"rendered":"Elbows Up for Canada"},"content":{"rendered":"<div  class=\"tribe-events-schedule tribe-clearfix\" >\n\t<p class=\"tribe-events-schedule__datetime\">\n\t\t<span class=\"tribe-events-schedule__date tribe-events-schedule__date--start\">\n\t\t\tavril 2, 2025\t\t<\/span>\n\n\t\t\t\t\t<span class=\"tribe-events-schedule__separator tribe-events-schedule__separator--date\">\n\t\t\t\t@\t\t\t<\/span>\n\t\t\t<span class=\"tribe-events-schedule__time tribe-events-schedule__time--start\">\n\t\t\t\t5:00 pm\t\t\t<\/span>\n\t\t\n\t\t\t\t\t\t\t\t\t<span class=\"tribe-events-schedule__separator tribe-events-schedule__separator--time\">\n\t\t\t\t\t&#8211;\t\t\t\t<\/span>\n\t\t\t\n\t\t\t\t\t\t\t<span class=\"tribe-events-schedule__time tribe-events-schedule__time--end\">\n\t\t\t\t\t7:00 pm\t\t\t\t<\/span>\n\t\t\t\n\t\t\t\t\t\t<\/p>\n<\/div>\n\n\n\n<figure class=\"wp-block-image size-full\"><img loading=\"lazy\" decoding=\"async\" width=\"500\" height=\"639\" src=\"http:\/\/truenorthhq.ca\/wp-content\/uploads\/2025\/03\/ElbowsUpForCanada-Apr-2-2025-Buffalo-FortErie-1.jpg\" alt=\"\" class=\"wp-image-527\" srcset=\"https:\/\/truenorthhq.ca\/wp-content\/uploads\/2025\/03\/ElbowsUpForCanada-Apr-2-2025-Buffalo-FortErie-1.jpg 500w, https:\/\/truenorthhq.ca\/wp-content\/uploads\/2025\/03\/ElbowsUpForCanada-Apr-2-2025-Buffalo-FortErie-1-235x300.jpg 235w, https:\/\/truenorthhq.ca\/wp-content\/uploads\/2025\/03\/ElbowsUpForCanada-Apr-2-2025-Buffalo-FortErie-1-9x12.jpg 9w\" sizes=\"auto, (max-width: 500px) 100vw, 500px\" \/><\/figure>\n\n\n\n<p>The day that President Trump has said that his tariffs on Canadian automobiles will kick in, our friends from Buffalo will peacefully assemble on the Shoreline Trail Bridge, which spans the 190 and looks across the river to Canada, to say they stand in solidarity with their Canadian friends and neighbors and peacefully say, &#8220;This is dangerous and foolish.&#8221;<\/p>\n\n\n\n<p>Fort Erie, please get out and show your thanks and support to our neighbours in Buffalo!<\/p>\n\n\n<div  class=\"tribe-block tribe-block__event-price\" >\n\t\t<\/div>\n\n\n<div  class=\"tribe-block tribe-block__organizer__details tribe-clearfix\" >\n\t<div class=\"tribe-block__organizer__title\">\n\t\t<h3>Elbows Up for Canada<\/h3>\n\t<\/div>\n\t\t\t\t<p class=\"tribe-block__organizer__website\"><a href=\"https:\/\/elbowsupforcanada.us\/\" target=\"_blank\" rel=\"noopener noreferrer\">Voir le site Organisateur<\/a><\/p>\n\t\t<\/div>\n\n\n<div  class=\"tribe-block tribe-block__venue tribe-clearfix tribe-block__venue--has-map\" >\n\t\n\t\n<div class=\"tribe-block__venue__meta\">\n\t<div class=\"tribe-block__venue__name\">\n\t\t<h3>Mather Park<\/h3>\n\t<\/div>\n\n\t\n\t\t\t\t\t\t<address class=\"tribe-block__venue__address\">\n\t\t\t\t<span class=\"tribe-address\">\n\n\n\t<span class=\"tribe-locality\">Fort Erie<\/span><span class=\"tribe-delimiter\">,<\/span>\n\n\t<abbr class=\"tribe-region tribe-events-abbr\" title=\"ON\">ON<\/abbr>\n\n\t<span class=\"tribe-postal-code\">L2A 1B1<\/span>\n\n\t<span class=\"tribe-country-name\">Canada<\/span>\n\n<\/span>\n\n\t\t\t\t\t\t\t\t\t<a class=\"tribe-events-gmap\" href=\"https:\/\/maps.google.com\/maps?f=q&#038;source=s_q&#038;hl=en&#038;geocode=&#038;q=Fort+Erie+ON+L2A+1B1+Canada\" title=\"Cliquez pour voir une carte Google Map\" target=\"_blank\" rel=\"noreferrer noopener\">+ Google Map<\/a>\t\t\t\t\t\t\t<\/address>\n\t\t\n\t\t\n\t\t\t\n\t<\/div>\n\t\n<div class=\"tribe-block__venue__map\">\n\t\n<iframe loading=\"lazy\"\n  title=\"L\u2018iframe Google maps affichant l\u2019adresse \u00e0 Mather Park\"\n  aria-label=\"Plan des lieux\"\n  width=\"310px\"\n  height=\"256px\"\n  frameborder=\"0\" style=\"border:0\"\n  src=\"https:\/\/www.google.com\/maps\/embed\/v1\/place?key=AIzaSyDNsicAsP6-VuGtAb1O9riI3oc_NOb7IOU&#038;q=Fort+Erie+ON+ON+L2A+1B1+Canada+&#038;zoom=15\" allowfullscreen>\n<\/iframe>\n<\/div>\n\n\t<\/div>\n\n\n\n\n\t<div  class=\"tribe-block tribe-block__events-link\" >\n\t\t<div class=\"tribe-events tribe-common\">\n\t\t\t<div class=\"tribe-events-c-subscribe-dropdown__container\">\n\t\t\t\t<div class=\"tribe-events-c-subscribe-dropdown\">\n\t\t\t\t\t<div class=\"tribe-common-c-btn-border tribe-events-c-subscribe-dropdown__button\">\n\t\t\t\t\t\t<svg\n\t class=\"tribe-common-c-svgicon tribe-common-c-svgicon--cal-export tribe-events-c-subscribe-dropdown__export-icon\" \taria-hidden=\"true\"\n\tviewbox=\"0 0 23 17\"\n\txmlns=\"http:\/\/www.w3.org\/2000\/svg\"\n>\n\t<path fill-rule=\"evenodd\" clip-rule=\"evenodd\" d=\"M.128.896V16.13c0 .211.145.383.323.383h15.354c.179 0 .323-.172.323-.383V.896c0-.212-.144-.383-.323-.383H.451C.273.513.128.684.128.896Zm16 6.742h-.901V4.679H1.009v10.729h14.218v-3.336h.901V7.638ZM1.01 1.614h14.218v2.058H1.009V1.614Z\" \/>\n\t<path d=\"M20.5 9.846H8.312M18.524 6.953l2.89 2.909-2.855 2.855\" stroke-width=\"1.2\" stroke-linecap=\"round\" stroke-linejoin=\"round\"\/>\n<\/svg>\n\t\t\t\t\t\t<button\n\t\t\t\t\t\t\tclass=\"tribe-events-c-subscribe-dropdown__button-text\"\n\t\t\t\t\t\t\taria-expanded=\"false\"\n\t\t\t\t\t\t\taria-controls=\"tribe-events-subscribe-dropdown-content\"\n\t\t\t\t\t\t\taria-label=\"Afficher les liens permettant d\u2019ajouter des \u00e9v\u00e8nements \u00e0 votre calendrier\"\n\t\t\t\t\t\t>\n\t\t\t\t\t\t\tAjouter au calendrier\t\t\t\t\t\t<\/button>\n\t\t\t\t\t\t<svg\n\t class=\"tribe-common-c-svgicon tribe-common-c-svgicon--caret-down tribe-events-c-subscribe-dropdown__button-icon\" \taria-hidden=\"true\"\n\tviewbox=\"0 0 10 7\"\n\txmlns=\"http:\/\/www.w3.org\/2000\/svg\"\n>\n\t<path fill-rule=\"evenodd\" clip-rule=\"evenodd\" d=\"M1.008.609L5 4.6 8.992.61l.958.958L5 6.517.05 1.566l.958-.958z\" class=\"tribe-common-c-svgicon__svg-fill\"\/>\n<\/svg>\n\t\t\t\t\t<\/div>\n\t\t\t\t\t<div id=\"tribe-events-subscribe-dropdown-content\" class=\"tribe-events-c-subscribe-dropdown__content\">\n\t\t\t\t\t\t<ul class=\"tribe-events-c-subscribe-dropdown__list\">\n\t\t\t\t\t\t\t\t\t\t\t\t\t\t\t<li class=\"tribe-events-c-subscribe-dropdown__list-item tribe-events-c-subscribe-dropdown__list-item--gcal\">\n\t\t\t\t\t\t\t\t\t<a\n\t\t\t\t\t\t\t\t\t\thref=\"https:\/\/www.google.com\/calendar\/event?action=TEMPLATE&#038;dates=20250402T170000\/20250402T190000&#038;text=Elbows%20Up%20for%20Canada&#038;details=%3Cfigure+class%3D%22wp-block-image+size-full%22%3E%3Cimg+src%3D%22http%3A%2F%2Ftruenorthhq.ca%2Fwp-content%2Fuploads%2F2025%2F03%2FElbowsUpForCanada-Apr-2-2025-Buffalo-FortErie-1.jpg%22+alt%3D%22%22+class%3D%22wp-image-527%22%2F%3E%3C%2Ffigure%3E%3Cp%3EThe+day+that+President+Trump+has+said+that+his+tariffs+on+Canadian+automobiles+will+kick+in%2C+our+friends+from+Buffalo+will+peacefully+assemble+on+the+Shoreline+Trail+Bridge%2C+which+spans+the+190+and+looks+across+the+river+to+Canada%2C+to+say+they+stand+in+solidarity+with+their+Canadian+friends+and+neighbors+and+peacefully+say%2C+%22This+is+dangerous+and+foolish.%22%3C%2Fp%3E+%3Cp%3EFort+Erie%2C+please+get+out+and+show+your+thanks+and+support+to+our+neighbours+in+Buffalo%21%3C%2Fp%3E+&#038;location=Mather%20Park,%20Fort%20Erie,%20ON,%20L2A%201B1,%20Canada&#038;trp=false&#038;ctz=America\/Toronto&#038;sprop=website:https:\/\/truenorthhq.ca\/fr\"\n\t\t\t\t\t\t\t\t\t\tclass=\"tribe-events-c-subscribe-dropdown__list-item-link\"\n\t\t\t\t\t\t\t\t\t\ttarget=\"_blank\"\n\t\t\t\t\t\t\t\t\t\trel=\"noopener noreferrer nofollow noindex\"\n\t\t\t\t\t\t\t\t\t>\n\t\t\t\t\t\t\t\t\t\tGoogle Agenda\t\t\t\t\t\t\t\t\t<\/a>\n\t\t\t\t\t\t\t\t<\/li>\n\t\t\t\t\t\t\t\t\t\t\t\t\t\t\t<li class=\"tribe-events-c-subscribe-dropdown__list-item tribe-events-c-subscribe-dropdown__list-item--ical\">\n\t\t\t\t\t\t\t\t\t<a\n\t\t\t\t\t\t\t\t\t\thref=\"\"\n\t\t\t\t\t\t\t\t\t\tclass=\"tribe-events-c-subscribe-dropdown__list-item-link\"\n\t\t\t\t\t\t\t\t\t\ttarget=\"_blank\"\n\t\t\t\t\t\t\t\t\t\trel=\"noopener noreferrer nofollow noindex\"\n\t\t\t\t\t\t\t\t\t>\n\t\t\t\t\t\t\t\t\t\tiCalendar\t\t\t\t\t\t\t\t\t<\/a>\n\t\t\t\t\t\t\t\t<\/li>\n\t\t\t\t\t\t\t\t\t\t\t\t\t\t\t<li class=\"tribe-events-c-subscribe-dropdown__list-item tribe-events-c-subscribe-dropdown__list-item--outlook-365\">\n\t\t\t\t\t\t\t\t\t<a\n\t\t\t\t\t\t\t\t\t\thref=\"\"\n\t\t\t\t\t\t\t\t\t\tclass=\"tribe-events-c-subscribe-dropdown__list-item-link\"\n\t\t\t\t\t\t\t\t\t\ttarget=\"_blank\"\n\t\t\t\t\t\t\t\t\t\trel=\"noopener noreferrer nofollow noindex\"\n\t\t\t\t\t\t\t\t\t>\n\t\t\t\t\t\t\t\t\t\tOutlook 365\t\t\t\t\t\t\t\t\t<\/a>\n\t\t\t\t\t\t\t\t<\/li>\n\t\t\t\t\t\t\t\t\t\t\t\t\t\t\t<li class=\"tribe-events-c-subscribe-dropdown__list-item tribe-events-c-subscribe-dropdown__list-item--outlook-live\">\n\t\t\t\t\t\t\t\t\t<a\n\t\t\t\t\t\t\t\t\t\thref=\"\"\n\t\t\t\t\t\t\t\t\t\tclass=\"tribe-events-c-subscribe-dropdown__list-item-link\"\n\t\t\t\t\t\t\t\t\t\ttarget=\"_blank\"\n\t\t\t\t\t\t\t\t\t\trel=\"noopener noreferrer nofollow noindex\"\n\t\t\t\t\t\t\t\t\t>\n\t\t\t\t\t\t\t\t\t\tOutlook Live\t\t\t\t\t\t\t\t\t<\/a>\n\t\t\t\t\t\t\t\t<\/li>\n\t\t\t\t\t\t\t\t\t\t\t\t\t<\/ul>\n\t\t\t\t\t<\/div>\n\t\t\t\t<\/div>\n\t\t\t<\/div>\n\t\t<\/div>\n\t<\/div>","protected":false},"excerpt":{"rendered":"<p>The day that President Trump has said that his tariffs on Canadian automobiles will kick in, our friends from Buffalo will peacefully assemble on the Shoreline Trail Bridge, which spans [&hellip;]<\/p>\n","protected":false},"author":1,"featured_media":528,"comment_status":"open","ping_status":"closed","template":"","meta":{"_EventAllDay":false,"_EventTimezone":"America\/Toronto","_EventStartDate":"2025-04-02 17:00:00","_EventEndDate":"2025-04-02 19:00:00","_EventStartDateUTC":"2025-04-02 21:00:00","_EventEndDateUTC":"2025-04-02 23:00:00","_EventShowMap":false,"_EventShowMapLink":false,"_EventURL":"","_EventCost":"","_EventCostDescription":"","_EventCurrencySymbol":"$","_EventCurrencyCode":"CAD","_EventCurrencyPosition":"prefix","_EventDateTimeSeparator":"@","_EventTimeRangeSeparator":"-","_EventOrganizerID":[523],"_EventVenueID":[524],"_OrganizerEmail":"","_OrganizerPhone":"","_OrganizerWebsite":"","_VenueAddress":"","_VenueCity":"","_VenueCountry":"","_VenueProvince":"","_VenueState":"","_VenueZip":"","_VenuePhone":"","_VenueURL":"","_VenueStateProvince":"","_VenueLat":"","_VenueLng":"","_VenueShowMap":false,"_VenueShowMapLink":false,"_tribe_events_status":"","_tribe_events_status_reason":"","footnotes":""},"tags":[],"tribe_events_cat":[],"class_list":["post-522","tribe_events","type-tribe_events","status-publish","has-post-thumbnail","hentry"],"_links":{"self":[{"href":"https:\/\/truenorthhq.ca\/fr\/wp-json\/wp\/v2\/tribe_events\/522","targetHints":{"allow":["GET"]}}],"collection":[{"href":"https:\/\/truenorthhq.ca\/fr\/wp-json\/wp\/v2\/tribe_events"}],"about":[{"href":"https:\/\/truenorthhq.ca\/fr\/wp-json\/wp\/v2\/types\/tribe_events"}],"author":[{"embeddable":true,"href":"https:\/\/truenorthhq.ca\/fr\/wp-json\/wp\/v2\/users\/1"}],"replies":[{"embeddable":true,"href":"https:\/\/truenorthhq.ca\/fr\/wp-json\/wp\/v2\/comments?post=522"}],"version-history":[{"count":1,"href":"https:\/\/truenorthhq.ca\/fr\/wp-json\/wp\/v2\/tribe_events\/522\/revisions"}],"predecessor-version":[{"id":529,"href":"https:\/\/truenorthhq.ca\/fr\/wp-json\/wp\/v2\/tribe_events\/522\/revisions\/529"}],"wp:featuredmedia":[{"embeddable":true,"href":"https:\/\/truenorthhq.ca\/fr\/wp-json\/wp\/v2\/media\/528"}],"wp:attachment":[{"href":"https:\/\/truenorthhq.ca\/fr\/wp-json\/wp\/v2\/media?parent=522"}],"wp:term":[{"taxonomy":"post_tag","embeddable":true,"href":"https:\/\/truenorthhq.ca\/fr\/wp-json\/wp\/v2\/tags?post=522"},{"taxonomy":"tribe_events_cat","embeddable":true,"href":"https:\/\/truenorthhq.ca\/fr\/wp-json\/wp\/v2\/tribe_events_cat?post=522"}],"curies":[{"name":"wp","href":"https:\/\/api.w.org\/{rel}","templated":true}]}}

<div  class="tribe-events-schedule tribe-clearfix" >
	<p class="tribe-events-schedule__datetime">
		<span class="tribe-events-schedule__date tribe-events-schedule__date--start">
			avril 2, 2025		</span>

					<span class="tribe-events-schedule__separator tribe-events-schedule__separator--date">
				@			</span>
			<span class="tribe-events-schedule__time tribe-events-schedule__time--start">
				5:00 pm			</span>
		
									<span class="tribe-events-schedule__separator tribe-events-schedule__separator--time">
					&#8211;				</span>
			
							<span class="tribe-events-schedule__time tribe-events-schedule__time--end">
					7:00 pm				</span>
			
						</p>
</div>



<figure class="wp-block-image size-full"><img loading="lazy" decoding="async" width="500" height="639" src="http://truenorthhq.ca/wp-content/uploads/2025/03/ElbowsUpForCanada-Apr-2-2025-Buffalo-FortErie-1.jpg" alt="" class="wp-image-527" srcset="https://truenorthhq.ca/wp-content/uploads/2025/03/ElbowsUpForCanada-Apr-2-2025-Buffalo-FortErie-1.jpg 500w, https://truenorthhq.ca/wp-content/uploads/2025/03/ElbowsUpForCanada-Apr-2-2025-Buffalo-FortErie-1-235x300.jpg 235w, https://truenorthhq.ca/wp-content/uploads/2025/03/ElbowsUpForCanada-Apr-2-2025-Buffalo-FortErie-1-9x12.jpg 9w" sizes="auto, (max-width: 500px) 100vw, 500px" /></figure>



<p>The day that President Trump has said that his tariffs on Canadian automobiles will kick in, our friends from Buffalo will peacefully assemble on the Shoreline Trail Bridge, which spans the 190 and looks across the river to Canada, to say they stand in solidarity with their Canadian friends and neighbors and peacefully say, &#8220;This is dangerous and foolish.&#8221;</p>



<p>Fort Erie, please get out and show your thanks and support to our neighbours in Buffalo!</p>


<div  class="tribe-block tribe-block__event-price" >
		</div>


<div  class="tribe-block tribe-block__organizer__details tribe-clearfix" >
	<div class="tribe-block__organizer__title">
		<h3>Elbows Up for Canada</h3>
	</div>
				<p class="tribe-block__organizer__website"><a href="https://elbowsupforcanada.us/" target="_blank" rel="noopener noreferrer">Voir le site Organisateur</a></p>
		</div>


<div  class="tribe-block tribe-block__venue tribe-clearfix tribe-block__venue--has-map" >
	
	
<div class="tribe-block__venue__meta">
	<div class="tribe-block__venue__name">
		<h3>Mather Park</h3>
	</div>

	
						<address class="tribe-block__venue__address">
				<span class="tribe-address">


	<span class="tribe-locality">Fort Erie</span><span class="tribe-delimiter">,</span>

	<abbr class="tribe-region tribe-events-abbr" title="ON">ON</abbr>

	<span class="tribe-postal-code">L2A 1B1</span>

	<span class="tribe-country-name">Canada</span>

</span>

									<a class="tribe-events-gmap" href="https://maps.google.com/maps?f=q&#038;source=s_q&#038;hl=en&#038;geocode=&#038;q=Fort+Erie+ON+L2A+1B1+Canada" title="Cliquez pour voir une carte Google Map" target="_blank" rel="noreferrer noopener">+ Google Map</a>							</address>
		
		
			
	</div>
	
<div class="tribe-block__venue__map">
	
<iframe loading="lazy"
  title="L‘iframe Google maps affichant l’adresse à Mather Park"
  aria-label="Plan des lieux"
  width="310px"
  height="256px"
  frameborder="0" style="border:0"
  src="https://www.google.com/maps/embed/v1/place?key=AIzaSyDNsicAsP6-VuGtAb1O9riI3oc_NOb7IOU&#038;q=Fort+Erie+ON+ON+L2A+1B1+Canada+&#038;zoom=15" allowfullscreen>
</iframe>
</div>

	</div>




	<div  class="tribe-block tribe-block__events-link" >
		<div class="tribe-events tribe-common">
			<div class="tribe-events-c-subscribe-dropdown__container">
				<div class="tribe-events-c-subscribe-dropdown">
					<div class="tribe-common-c-btn-border tribe-events-c-subscribe-dropdown__button">
						<svg
	 class="tribe-common-c-svgicon tribe-common-c-svgicon--cal-export tribe-events-c-subscribe-dropdown__export-icon" 	aria-hidden="true"
	viewbox="0 0 23 17"
	xmlns="http://www.w3.org/2000/svg"
>
	<path fill-rule="evenodd" clip-rule="evenodd" d="M.128.896V16.13c0 .211.145.383.323.383h15.354c.179 0 .323-.172.323-.383V.896c0-.212-.144-.383-.323-.383H.451C.273.513.128.684.128.896Zm16 6.742h-.901V4.679H1.009v10.729h14.218v-3.336h.901V7.638ZM1.01 1.614h14.218v2.058H1.009V1.614Z" />
	<path d="M20.5 9.846H8.312M18.524 6.953l2.89 2.909-2.855 2.855" stroke-width="1.2" stroke-linecap="round" stroke-linejoin="round"/>
</svg>
						<button
							class="tribe-events-c-subscribe-dropdown__button-text"
							aria-expanded="false"
							aria-controls="tribe-events-subscribe-dropdown-content"
							aria-label="Afficher les liens permettant d’ajouter des évènements à votre calendrier"
						>
							Ajouter au calendrier						</button>
						<svg
	 class="tribe-common-c-svgicon tribe-common-c-svgicon--caret-down tribe-events-c-subscribe-dropdown__button-icon" 	aria-hidden="true"
	viewbox="0 0 10 7"
	xmlns="http://www.w3.org/2000/svg"
>
	<path fill-rule="evenodd" clip-rule="evenodd" d="M1.008.609L5 4.6 8.992.61l.958.958L5 6.517.05 1.566l.958-.958z" class="tribe-common-c-svgicon__svg-fill"/>
</svg>
					</div>
					<div id="tribe-events-subscribe-dropdown-content" class="tribe-events-c-subscribe-dropdown__content">
						<ul class="tribe-events-c-subscribe-dropdown__list">
															<li class="tribe-events-c-subscribe-dropdown__list-item tribe-events-c-subscribe-dropdown__list-item--gcal">
									<a
										href="https://www.google.com/calendar/event?action=TEMPLATE&#038;dates=20250402T170000/20250402T190000&#038;text=Elbows%20Up%20for%20Canada&#038;details=%3Cfigure+class%3D%22wp-block-image+size-full%22%3E%3Cimg+src%3D%22http%3A%2F%2Ftruenorthhq.ca%2Fwp-content%2Fuploads%2F2025%2F03%2FElbowsUpForCanada-Apr-2-2025-Buffalo-FortErie-1.jpg%22+alt%3D%22%22+class%3D%22wp-image-527%22%2F%3E%3C%2Ffigure%3E%3Cp%3EThe+day+that+President+Trump+has+said+that+his+tariffs+on+Canadian+automobiles+will+kick+in%2C+our+friends+from+Buffalo+will+peacefully+assemble+on+the+Shoreline+Trail+Bridge%2C+which+spans+the+190+and+looks+across+the+river+to+Canada%2C+to+say+they+stand+in+solidarity+with+their+Canadian+friends+and+neighbors+and+peacefully+say%2C+%22This+is+dangerous+and+foolish.%22%3C%2Fp%3E+%3Cp%3EFort+Erie%2C+please+get+out+and+show+your+thanks+and+support+to+our+neighbours+in+Buffalo%21%3C%2Fp%3E+&#038;location=Mather%20Park,%20Fort%20Erie,%20ON,%20L2A%201B1,%20Canada&#038;trp=false&#038;ctz=America/Toronto&#038;sprop=website:https://truenorthhq.ca/fr"
										class="tribe-events-c-subscribe-dropdown__list-item-link"
										target="_blank"
										rel="noopener noreferrer nofollow noindex"
									>
										Google Agenda									</a>
								</li>
															<li class="tribe-events-c-subscribe-dropdown__list-item tribe-events-c-subscribe-dropdown__list-item--ical">
									<a
										href=""
										class="tribe-events-c-subscribe-dropdown__list-item-link"
										target="_blank"
										rel="noopener noreferrer nofollow noindex"
									>
										iCalendar									</a>
								</li>
															<li class="tribe-events-c-subscribe-dropdown__list-item tribe-events-c-subscribe-dropdown__list-item--outlook-365">
									<a
										href=""
										class="tribe-events-c-subscribe-dropdown__list-item-link"
										target="_blank"
										rel="noopener noreferrer nofollow noindex"
									>
										Outlook 365									</a>
								</li>
															<li class="tribe-events-c-subscribe-dropdown__list-item tribe-events-c-subscribe-dropdown__list-item--outlook-live">
									<a
										href=""
										class="tribe-events-c-subscribe-dropdown__list-item-link"
										target="_blank"
										rel="noopener noreferrer nofollow noindex"
									>
										Outlook Live									</a>
								</li>
													</ul>
					</div>
				</div>
			</div>
		</div>
	</div>
